f 4355?
False
Is 536 a factor of 157178784?
True
Does 14 divide 10171210?
True
Does 941 divide 653100109?
True
Is 585717792 a multiple of 3?
True
Is 303561914 a multiple of 1750?
False
Does 89 divide 13424724?
False
Is 12 a factor of 886161816?
True
Does 623 divide 3735235126?
True
Is 815495670 a multiple of 2370?
True
Is 4866244449 a multiple of 9449?
True
Is 2142 a factor of 3253361?
False
Is 11 a factor of 4656680787?
True
Does 926 divide 59460312?
True
Is 6411948 a multiple of 12?
True
Is 5 a factor of 7667910?
True
Is 25538816 a multiple of 52?
False
Does 1599 divide 23954619?
True
Does 322 divide 803473005?
False
Is 40 a factor of 39182628?
False
Is 205855128 a multiple of 2201?
True
Is 7 a factor of 941160724?
True
Does 3 divide 827946?
True
Does 900 divide 698518800?
True
Does 19 divide 102908793?
False
Does 450 divide 166991791?
False
Is 3325662522 a multiple of 9?
True
Is 131 a factor of 18560299?
False
Does 6 divide 57073449?
False
Is 1079 a factor of 216183045?
True
Is 123 a factor of 1587141324?
True
Does 158 divide 10283746?
True
Is 10879550 a multiple of 25?
True
Is 11392630 a multiple of 32?
False
Is 165 a factor of 160986375?
True
Is 280196547 a multiple of 23?
False
Is 112 a factor of 17994741?
False
Is 3949809468 a multiple of 2129?
False
Does 74 divide 15752068?
False
Is 141191755 a multiple of 2876?
False
Does 666 divide 51737899?
False
Is 2103442473 a multiple of 45?
False
Does 437 divide 21574162?
False
Is 49 a factor of 616120316?
True
Does 1652 divide 37842055?
False
Is 61 a factor of 2479260759?
True
Does 21 divide 18111744?
True
Does 638 divide 3593949062?
True
Is 1172 a factor of 8195796?
True
Does 11 divide 23974291?
True
Does 12 divide 7085916?
True
Is 160169444 a multiple of 5855?
False
Does 256 divide 232077056?
True
Is 153819304 a multiple of 2906?
False
Does 13 divide 38169651?
True
Is 70046451 a multiple of 243?
True
Is 148411440 a multiple of 48?
True
Is 9 a factor of 25290148?
False
Is 11 a factor of 121292385?
False
Does 15 divide 235217240?
False
Does 19 divide 7909344?
False
Is 406582530 a multiple of 1212?
False
Is 6364460 a multiple of 68?
True
Is 167 a factor of 834648807?
False
Does 44 divide 804960522?
False
Is 100 a factor of 839285547?
False
Is 56 a factor of 1057568680?
True
Does 5202 divide 302907258?
True
Does 33 divide 88713438?
True
Is 40 a factor of 714985280?
True
Is 3408 a factor of 398656567?
False
Is 697740027 a multiple of 5591?
True
Is 68 a factor of 677236616?
True
Is 217 a factor of 43825971?
True
Is 348 a factor of 9452724?
True
Is 421093485 a multiple of 45?
True
Does 321 divide 24378666?
True
Is 258930310 a multiple of 2473?
False
Is 55040607 a multiple of 9?
True
Is 32 a factor of 36481408?
True
Is 148941098 a multiple of 24?
False
Does 33 divide 9370581?
True
Is 4537 a factor of 1746697909?
False
Is 14 a factor of 1684224416?
True
Is 44980716 a multiple of 12?
True
Is 16 a factor of 207651744?
True
Is 413 a factor of 68333618?
False
Does 53 divide 172668011?
True
Is 2471306668 a multiple of 92?
True
Is 821073 a multiple of 33?
True
Is 33038165 a multiple of 5?
True
Is 231428909 a multiple of 26?
False
Is 13728437 a multiple of 995?
False
Is 11875 a multiple of 1101?
False
Is 1706194051 a multiple of 9?
False
Is 190902015 a multiple of 15?
True
Is 200026653 a multiple of 11?
False
Is 34 a factor of 83220203?
False
Is 529421982 a multiple of 126?
False
Does 62 divide 658867723?
False
Is 36737208 a multiple of 72?
True
Is 114 a factor of 14837328?
True
Is 56239560 a multiple of 65?
True
Does 606 divide 19913160?
True
Is 772 a factor of 1242171798?
False
Is 80 a factor of 845539280?
True
Is 1910586779 a multiple of 2082?
False
Is 66 a factor of 91433100?
True
Is 18 a factor of 579193423?
False
Does 660 divide 161715821?
False
Does 2163 divide 83872345?
False
Is 2657558152 a multiple of 8?
True
Is 160354550 a multiple of 1352?
False
Is 1242 a factor of 50800439?
False
Does 15 divide 15496977?
False
Does 1131 divide 1058310630?
True
Does 1289 divide 673486163?
False
Is 1671210975 a multiple of 15?
True
Is 1732258620 a multiple of 15?
True
Does 89 divide 10824536?
True
Is 312860200 a multiple of 376?
True
Is 25 a factor of 650532487?
False
Does 255 divide 7060398435?
True
Is 1587666944 a multiple of 82?
True
Does 27 divide 2595241269?
True
Is 66696096 a multiple of 516?
True
Does 601 divide 62740085?
False
Is 37 a factor of 14585550?
False
Is 1515590296 a multiple of 8389?
True
Does 177 divide 1786161801?
False
Does 26 divide 2646899472?
False
Does 41 divide 53439564?
True
Is 100549070 a multiple of 19?
False
Is 1496 a factor of 484679353?
False
Is 341 a factor of 1324302168?
False
Is 12647966 a multiple of 470?
False
Is 173673072 a multiple of 3?
True
Is 66462158 a multiple of 14?
True
Is 44512884 a multiple of 52?
True
Does 28 divide 28667408?
True
Is 3782 a factor of 263178034?
True
Does 517 divide 7394725519?
False
Is 111 a factor of 87573228?
True
Does 312 divide 1897686648?
True
Is 2 a factor of 59185438?
True
Is 122317212 a multiple of 57?
True
Does 290 divide 584640?
True
Does 6 divide 85451292?
True
Does 2083 divide 38605203?
False
Is 4151286 a multiple of 18?
True
Is 2595 a factor of 69837856?
False
Is 39141450 a multiple of 811?
False
Does 1102 divide 484905346?
True
Is 18611629 a multiple of 4?
False
Does 23 divide 2334960?
True
Is 633519113 a multiple of 1044?
False
Does 501 divide 8829918?
False
Does 411 divide 1025256704?
False
Is 8 a factor of 12643171?
False
Is 955 a factor of 244566394?
False
Does 2206 divide 52816052?
True
Is 9173881 a multiple of 17?
False
Does 17 divide 154029428?
False
Is 3000 a factor of 29499403?
False
Does 1287 divide 214459245?
True
Is 76 a factor of 5293486?
False
Does 3 divide 16299275?
False
Does 737 divide 380238199?
True
Does 42 divide 2071357048?
False
Is 270 a factor of 6777270?
True
Does 2129 divide 224847163?
False
Does 34 divide 50842595?
False
Is 810022253 a multiple of 95?
False
Does 243 divide 236445075?
True
Does 1841 divide 58413089?
True
Is 10 a factor of 1512001900?
True
Is 14785824 a multiple of 464?
True
Is 212 a factor of 52664571?
False
Is 138 a factor of 35146806?
True
Is 118 a factor of 1180232505?
False
Is 109981632 a multiple of 12?
True
Is 251 a factor of 180639988?
False
Is 152399119 a multiple of 14?
False
Is 49685922 a multiple of 59?
False
Is 187231259 a multiple of 1176?
False
Is 3623267445 a multiple of 33?
False
Is 3 a factor of 13466880?
True
Is 15140657 a multiple of 9?
False
Does 1535 divide 71550955?
True
Is 305 a factor of 48097367?
False
Is 7480035 a multiple of 1017?
True
Is 15 a factor of 8803743?
False
Is 546928544 a multiple of 4936?
True
Is 49509308 a multiple of 122?
True
Does 169 divide 47874996?
True
Does 355 divide 16303020?
True
Does 214 divide 4013273?
False
Is 3283 a factor of 354316278?
False
Is 75824303 a multiple of 24?
False
Is 19663802 a multiple of 1268?
False
Is 1154 a factor of 1013323938?
True
Does 2670 divide 260346360?
True
Is 6 a factor of 29344944?
True
Does 75 divide 127330636?
False
Is 3099 a factor of 285681315?
True
Does 93 divide 77288157?
False
Is 251 a factor of 35331764?
True
Is 803 a factor of 36826383?
True
Does 65 divide 290441190?
True
Does 6 divide 36095239?
False
Is 21177372 a multiple of 4?
True
Is 61 a factor of 22471458?
False
Does 6 divide 6928690?
False
Does 4973 divide 1974126837?
True
Is 162 a factor of 67789358?
False
Does 2197 divide 351897884?
True
Is 653291803 a multiple of 836?
False
Does 209 divide 65340805?
False
Does 780 divide 1437720180?
True
Is 193 a factor of 1875065831?
True
Is 49994280 a multiple of 51?
True
Is 100 a factor of 12800700?
True
Does 44 divide 1265369996?
True
Is 6461960 a multiple of 20?
True
Is 26 a factor of 39673613?
False
Does 166 divide 178794944?
False
Is 5772123 a multiple of 7?
True
Is 29 a factor of 92771551?
True
Does 22 divide 4163654?
True
Does 5169 divide 959516301?
True
Is 241 a factor of 944169074?
True
Is 30032086 a multiple of 250?
False
Is 6910515 a multiple of 131?
False
Does 39 divide 46416926?
False
Does 31 divide 129180?
False
Does 266 divide 289173?
False
Is 895684857 a multiple of 7?
False
Does 376 divide 262935591?
False
Does 863 divide 320334381?
True
Does 2820 divide 12021660?
True
Is 15 a factor of 3